t p(l) be the first derivative of 19*l**2 - 2*l + 4. Let h be p(3). What is the highest common factor of 14 and h?
14
Suppose -4*c = -6*p + p - 10, 2*p - 3*c + 11 = 0. Suppose 0 = -4*m - 2*i + 7*i + 47, -p*i = 2*m - 46. What is the highest common divisor of 9 and m?
9
Suppose -3*y + 2*p = 6 + 15, -2 = y + p. Let m(a) = -a**3 - 5*a**2 + 3*a - 2. Let s be m(y). Let q = 25 + s. What is the highest common divisor of 16 and q?
8
Let x = -8 + 11. Let g be (1*(-2 + x))/1. Calculate the highest common divisor of g and 2.
1
Let o be -1 - ((-6)/2 + -108). Calculate the greatest common factor of 10 and o.
10
Let o = 10 + -4. What is the greatest common divisor of o and 6?
6
Let u be 1/(-3) + (-618)/9. Let y = -41 - u. What is the greatest common divisor of 7 and y?
7
Suppose 5*v = -s + 276, 53 = -3*v + 3*s + 233. Calculate the highest common factor of 8 and v.
8
Suppose 4*z - 4*v = 544, -5*v = z - 5*z + 548. Calculate the highest common factor of 22 and z.
22
Suppose -4*n = -4*y + 260, 4*y - 5*n + 83 = 345. What is the greatest common factor of y and 9?
9
Suppose 0 = d + 1 - 13. Calculate the highest common factor of 60 and d.
12
Let m = -5 - -8. Let c(a) = 2*a - 4. Let o be c(m). What is the greatest common divisor of 22 and o?
2
Suppose 0 = 4*n + 407 + 761. Let o = -146 - n. Let q = o + -101. Calculate the greatest common factor of 9 and q.
9
Let h = 34 + -23. Let j(a) = -a**2 - 4*a - 4. Let x be j(-4). Let k be x/(-14) + 30/42. What is the highest common divisor of h and k?
1
Suppose 5*a = -0*a - 2*z + 595, -5*a + 610 = -z. Let m be (-2)/(-4)*(21 + 1). What is the highest common factor of a and m?
11
Suppose 0 - 4 = -u. Suppose 0 = -5*a + h - 0*h + 24, u*a + 5*h + 4 = 0. Suppose -l + a = -6. What is the highest common factor of 70 and l?
10
Suppose 80 = -10*n + 15*n. Calculate the highest common divisor of 88 and n.
8
Suppose 4*r - 416 = -4*d, 5*d - 3*r = r + 475. What is the highest common factor of 33 and d?
33
Suppose -2*i + 31 = -f, -3*f = -3*i - 0*f + 39. Let z be (-8 + 5)/((-6)/4). Calculate the highest common factor of i and z.
2
Let n = 11 - 7. Suppose -2*a + 26 = -n*a. Let o = a - -25. Calculate the highest common divisor of 12 and o.
12
Suppose 3 = v - 1. Suppose v*c - 70 = 2. Calculate the highest common divisor of c and 12.
6
Let c be (6/(-7))/(4/(-14)). Suppose -8*z + c*z = -210. What is the greatest common factor of 6 and z?
6
Let d = 7 - 3. Suppose -4*z + 3*f = -87, -d*z - 3*f + 83 = -2*f. Calculate the greatest common factor of z and 147.
21
Suppose 5*i - 20 = 5*l, -4*i = -0*i + 2*l - 4. What is the greatest common factor of i and 2?
2
Let j(v) = 2*v**3 + 2*v**2 + 2*v - 1. Let g be j(3). Let x = -25 + g. Calculate the greatest common factor of x and 26.
26
Let o be (-18)/(-5) + (-2)/(-5). Suppose 2*v = -4*c + 60, 8*v = 3*c + o*v - 56. Suppose 0 = 38*i - 35*i - 144. What is the highest common factor of c and i?
16
Let u be ((-32)/(-6))/((-4)/(-30)). Suppose 2*r = 4*s + 22, 3*r + 0*s - s = 18. Suppose -3*o - 10 = -r*o. What is the highest common factor of o and u?
5
Let n(c) = 2*c - 6. Let q be n(11). Calculate the highest common factor of 48 and q.
16
Suppose t = -3*t + 76. What is the greatest common divisor of 95 and t?
19
Let z be 40/(5 - (-1 + 4)). What is the greatest common factor of 5 and z?
5
Let y be (6/15)/(1/10). Let m = -4 + 4. Suppose r - 4*v - 112 = m, y*v - 2*v = -2. Calculate the highest common divisor of r and 12.
12
Let d be ((-40)/(-2))/((-4)/(-14)). What is the greatest common divisor of 14 and d?
14
Suppose -174 = -3*k - 69. Suppose -y = 5*p - 6, 2*y + 2*p = 5*y - k. What is the greatest common divisor of 33 and y?
11
Suppose 0 = -4*w + 2*w + 10. Suppose 0 = h + 4*d - 53, -3*h + 4*h + w*d - 58 = 0. What is the highest common divisor of 22 and h?
11
Let z = -8 - -10. Suppose l = -i + 35, i + 2*i - 130 = z*l. What is the greatest common divisor of 5 and i?
5
Suppose -3*f = -4*r + 128, f - 32 = -0*r - r. Let c = 105 - 57. Calculate the highest common factor of r and c.
16
Let o be (-5510)/(-25) + (-2)/5. Calculate the highest common divisor of 20 and o.
20
Let y = 73 + -39. Calculate the greatest common divisor of 85 and y.
17
Let q(a) = -a**3 + 2*a**2 - a. Let u be q(-2). What is the greatest common factor of u and 12?
6
Let h(r) = 6*r + 8. Let q be h(6). Calculate the greatest common divisor of 11 and q.
11
Let f be (1/2)/((-1)/(-2)). Let k be 0 - 1 - 1*9. Let g be ((-77)/35)/(2/k). Calculate the highest common factor of f and g.
1
Let i be (4/(-6))/(14/(-42)). What is the greatest common divisor of 2 and i?
2
Let t = -2 - -2. Suppose 5*c - x - 264 - 220 = t, -112 = -c + 4*x. Suppose u = -u + c. What is the greatest common factor of u and 6?
6
Let d(w) = -w**3 + 11*w**2 + 13*w - 5. Let g be d(11). What is the greatest common factor of g and 46?
46
Let y = -21 - -35. Suppose 5*g - 56 = 3*g. What is the highest common factor of y and g?
14
Let h(z) = -3*z + 2*z**2 - z**2 + 5 - 4*z. Let a be h(7). Suppose -a*g + 3 = -4*g. Calculate the greatest common divisor of 33 and g.
3
Suppose 3*g = -4*y + 15, 0*y = 2*y + 4*g - 20. Suppose -3 = -3*l - y. Let v be l/(-2) - (-34)/4. What is the greatest common divisor of v and 56?
8
Suppose a - m - 32 - 33 = 0, 0 = 5*a + 4*m - 280. Suppose -v = 1, 4*t = -3*v + 5*v + 62. What is the highest common divisor of t and a?
15
Let r(f) = -f**3 - 8*f**2 - 3*f + 12. Let g be r(-9). Let i(l) = 15*l**3 + l**2 - 2*l + 1. Let z be i(1). Calculate the greatest common factor of z and g.
15
Let x be (-10)/3*-6*(-14)/(-8). What is the highest common divisor of 20 and x?
5
Suppose -37 = -3*x + x + c, -21 = -x + 3*c. Let l be (-24)/x*39/(-2). Calculate the highest common divisor of l and 39.
13
Let h(b) = -b**3 - 13*b**2 + 4. Let k be h(-13). Calculate the highest common divisor of k and 8.
4
Let c = -9 - -12. Let u be (c - 8)*272/(-10). Let p(y) = 4*y + 1. Let i be p(4). Calculate the greatest common factor of u and i.
17
Let m = -40 + 75. What is the highest common factor of 7 and m?
7
Let z(y) = -y**3 + 6*y**2 - y + 1. Let q be z(5). Calculate the greatest common divisor of q and 84.
21
Let d = 35 + -32. Let h(w) = 3 + 0*w**2 + 0*w + 5*w**2 + w. Let o be h(d). Calculate the greatest common factor of o and 34.
17
Suppose 0 = -4*f + m - 4*m + 55, 4*f + m = 45. What is the highest common divisor of 55 and f?
5
Let q(g) = -4*g + 8. Let s be q(-10). What is the greatest common divisor of s and 6?
6
Let f(k) = k + 13. Let t be f(-7). Suppose -5*r + 15 = 0, j + t*r - 3*r = 25. Calculate the highest common factor of 8 and j.
8
Suppose -3*g + t - 5 = 0, g + 5*t + 15 = -4*g. Let k = 20 + g. Calculate the greatest common factor of 162 and k.
18
Suppose -5*h - 3*m + 8 = -0*m, 0 = 5*h - 3*m - 2. What is the highest common divisor of h and 2?
1
Suppose -8*d + 9*d = 112. What is the greatest common divisor of 16 and d?
16
Let t = 19 + 0. Suppose 0 = -4*f - 3*s - 151, -3*f + 4*f + 4*s + 28 = 0. Let n = f - -59. What is the highest common divisor of n and t?
19
Let x = -147 - -247. Suppose -4*v - 4*h + x + 28 = 0, v - 38 = -4*h. Calculate the highest common divisor of v and 20.
10
Suppose 108 = 22*u - 20*u. What is the highest common divisor of u and 36?
18
Let d be (-4)/1*3/(-4). Suppose d*x = -x + 96. Calculate the highest common divisor of 8 and x.
8
Let u(k) = 9*k. Let i be u(1). Let y be 0 - 162/(i/(-3)). Suppose -4*p = -4*d - 40, 4*p - 10 = 3*d + 26. What is the highest common divisor of p and y?
6
Let r(s) = 2*s**2 - 5*s - 2. Let m be r(4). Let c be (136/m)/((-6)/(-15)). Calculate the highest common divisor of 85 and c.
17
Suppose -4*v - 3*k = -233, -5*v + 65 = -4*v + 3*k. What is the greatest common divisor of 7 and v?
7
Suppose i - 2*i = o - 17, 5*o - i - 55 = 0. What is the greatest common divisor of o and 48?
12
Let v = 23 - -49. What is the highest common divisor of 9 and v?
9
Let q(d) = d**2 - 4*d - 8. Let l be q(6). Suppose 3*a = -5*u + 13 + 5, u - 24 = -l*a. Suppose -4*b = 2 - 26. Calculate the greatest common divisor of a and b.
6
Let s(u) = 2*u**2 - 4*u + 5. Let x be s(2). Suppose 215 = 3*j + 2*r, -235 = 2*j - x*j + 2*r. Calculate the highest common factor of j and 15.
15
Suppose 16*q - 5*q = 858. Calculate the highest common divisor of 26 and q.
26
Suppose k = -s + 2 + 20, 2*k - 34 = 3*s. Let l